{"id":31,"date":"2021-01-08T20:50:30","date_gmt":"2021-01-08T20:50:30","guid":{"rendered":"http:\/\/www.obcanskestavby.cz\/?page_id=31"},"modified":"2021-12-01T21:04:31","modified_gmt":"2021-12-01T21:04:31","slug":"o-nas","status":"publish","type":"page","link":"https:\/\/www.obcanskestavby.cz\/index.php\/o-nas\/","title":{"rendered":"O N\u00c1S"},"content":{"rendered":"<div data-colibri-id=\"31-c1\" class=\"style-961 style-local-31-c1 position-relative\">\n  <!---->\n  <div data-colibri-component=\"section\" data-colibri-id=\"31-c81\" id=\"custom\" class=\"h-section h-section-global-spacing d-flex align-items-lg-center align-items-md-center align-items-center style-1116 style-local-31-c81 position-relative\">\n    <!---->\n    <!---->\n    <div class=\"h-section-grid-container h-section-boxed-container\">\n      <!---->\n      <div data-colibri-id=\"31-c82\" class=\"h-row-container gutters-row-lg-2 gutters-row-md-2 gutters-row-0 gutters-row-v-lg-2 gutters-row-v-md-2 gutters-row-v-2 style-1117 style-local-31-c82 position-relative\">\n        <!---->\n        <div class=\"h-row justify-content-lg-center justify-content-md-center justify-content-center align-items-lg-stretch align-items-md-stretch align-items-stretch gutters-col-lg-2 gutters-col-md-2 gutters-col-0 gutters-col-v-lg-2 gutters-col-v-md-2 gutters-col-v-2\">\n          <!---->\n          <div class=\"h-column h-column-container d-flex h-col-lg-auto h-col-md-auto h-col-auto style-1118-outer style-local-31-c83-outer\">\n            <div data-colibri-id=\"31-c83\" class=\"d-flex h-flex-basis h-column__inner h-ui-empty-state-container h-px-lg-2 h-px-md-2 h-px-2 v-inner-lg-2 v-inner-md-2 v-inner-2 style-1118 style-local-31-c83 position-relative\">\n              <!---->\n              <!---->\n              <div class=\"w-100 h-y-container h-column__content h-column__v-align flex-basis-100\">\n                <!---->\n              <\/div>\n            <\/div>\n          <\/div>\n        <\/div>\n      <\/div>\n    <\/div>\n  <\/div>\n  <div data-colibri-component=\"section\" data-colibri-id=\"31-c84\" id=\"reusable-sections\" class=\"h-section h-section-global-spacing d-flex align-items-lg-center align-items-md-center align-items-center style-1119 style-local-31-c84 position-relative\">\n    <!---->\n    <!---->\n    <div class=\"h-section-grid-container h-section-fluid-container\">\n      <!---->\n      <div data-colibri-id=\"31-c85\" class=\"h-row-container gutters-row-lg-0 gutters-row-md-0 gutters-row-0 gutters-row-v-lg-0 gutters-row-v-md-0 gutters-row-v-0 style-1120 style-local-31-c85 position-relative\">\n        <!---->\n        <div class=\"h-row justify-content-lg-center justify-content-md-center justify-content-center align-items-lg-center align-items-md-center align-items-center gutters-col-lg-0 gutters-col-md-0 gutters-col-0 gutters-col-v-lg-0 gutters-col-v-md-0 gutters-col-v-0\">\n          <!---->\n          <div class=\"h-column h-column-container d-flex h-col-lg-auto h-col-md-auto h-col-auto align-self-lg-center align-self-md-center align-self-center style-1121-outer style-local-31-c86-outer\">\n            <div data-colibri-id=\"31-c86\" class=\"d-flex h-flex-basis h-column__inner h-ui-empty-state-container h-px-lg-0 h-px-md-0 h-px-0 v-inner-lg-0 v-inner-md-0 v-inner-0 style-1121 style-local-31-c86 position-relative\">\n              <!---->\n              <!---->\n              <div class=\"w-100 h-y-container h-column__content h-column__v-align flex-basis-100\">\n                <!---->\n              <\/div>\n            <\/div>\n          <\/div>\n          <div class=\"h-column h-column-container d-flex h-col-lg-auto h-col-md-auto h-col-auto align-self-lg-center align-self-md-center align-self-center style-1122-outer style-local-31-c87-outer\">\n            <div data-colibri-id=\"31-c87\" class=\"d-flex h-flex-basis h-column__inner h-px-lg-0 h-px-md-0 h-px-0 v-inner-lg-0 v-inner-md-0 v-inner-0 style-1122 style-local-31-c87 position-relative\">\n              <!---->\n              <!---->\n              <div class=\"w-100 h-y-container h-column__content h-column__v-align flex-basis-100 align-self-lg-center align-self-md-center align-self-center\">\n                <!---->\n                <div data-colibri-id=\"31-c88\" class=\"h-row-container gutters-row-lg-1 gutters-row-md-1 gutters-row-0 gutters-row-v-lg-1 gutters-row-v-md-1 gutters-row-v-1 style-1123 style-local-31-c88 position-relative\">\n                  <!---->\n                  <div class=\"h-row justify-content-lg-center justify-content-md-center justify-content-center align-items-lg-stretch align-items-md-stretch align-items-stretch gutters-col-lg-1 gutters-col-md-1 gutters-col-0 gutters-col-v-lg-1 gutters-col-v-md-1 gutters-col-v-1\">\n                    <!---->\n                    <div class=\"h-column h-column-container d-flex h-col-lg-auto h-col-md-auto h-col-auto style-1124-outer style-local-31-c89-outer\">\n                      <div data-colibri-id=\"31-c89\" class=\"d-flex h-flex-basis h-column__inner h-px-lg-2 h-px-md-2 h-px-2 v-inner-lg-2 v-inner-md-2 v-inner-2 style-1124 style-local-31-c89 position-relative\">\n                        <!---->\n                        <!---->\n                        <div class=\"w-100 h-y-container h-column__content h-column__v-align flex-basis-100 align-self-lg-center align-self-md-center align-self-center\">\n                          <!---->\n                          <div data-colibri-id=\"31-c90\" class=\"h-lead h-text h-text-component style-1125 style-local-31-c90 position-relative h-element\">\n                            <!---->\n                            <!---->\n                            <div class=\"\">\n                              <p><span style=\"font-weight: 600;\">Na\u0161e spole\u010dnost byla zalo\u017eena v r. 1996.<\/span>\n                                <br>\n                                <br>Zab\u00fdv\u00e1me se v\u00fdstavbou a rekonstrukcemi rodinn\u00fdch a bytov\u00fdch dom\u016f, pr\u016fmyslov\u00fdch a zem\u011bd\u011blsk\u00fdch staveb, ale i rekonstrukcemi pam\u00e1tkov\u00fdch objekt\u016f.&nbsp;<\/p>\n                              <p>Prov\u00e1d\u00edme i ve\u0161ker\u00e9 zemn\u00ed pr\u00e1ce, ter\u00e9nn\u00ed \u00fapravy, oplocen\u00ed i dla\u017eby.<\/p>\n                              <p>Dlouhodob\u011b spolupracujeme s ov\u011b\u0159en\u00fdmi dodavateli stavebn\u00edch a dal\u0161\u00edch materi\u00e1l\u016f.<\/p>\n                              <p>V\u017edy se sna\u017e\u00edme odv\u00e9st kvalitn\u00ed a odborn\u011b provedenou pr\u00e1ci, a db\u00e1me na spokojenost na\u0161ich z\u00e1kazn\u00edk\u016f.<\/p>\n                              <p>\n                                <br>\n                              <\/p>\n                            <\/div>\n                          <\/div>\n                        <\/div>\n                      <\/div>\n                    <\/div>\n                  <\/div>\n                <\/div>\n              <\/div>\n            <\/div>\n          <\/div>\n        <\/div>\n      <\/div>\n    <\/div>\n  <\/div>\n  <div data-colibri-component=\"section\" data-colibri-id=\"31-c91\" id=\"custom-2\" class=\"h-section h-section-global-spacing d-flex align-items-lg-center align-items-md-center align-items-center style-1126 style-local-31-c91 position-relative\">\n    <!---->\n    <!---->\n    <div class=\"h-section-grid-container h-section-boxed-container\">\n      <!---->\n      <div data-colibri-id=\"31-c92\" class=\"h-row-container gutters-row-lg-2 gutters-row-md-2 gutters-row-0 gutters-row-v-lg-2 gutters-row-v-md-2 gutters-row-v-2 style-1127 style-local-31-c92 position-relative\">\n        <!---->\n        <div class=\"h-row justify-content-lg-center justify-content-md-center justify-content-center align-items-lg-stretch align-items-md-stretch align-items-stretch gutters-col-lg-2 gutters-col-md-2 gutters-col-0 gutters-col-v-lg-2 gutters-col-v-md-2 gutters-col-v-2\">\n          <!---->\n          <div class=\"h-column h-column-container d-flex h-col-lg-auto h-col-md-auto h-col-auto style-1128-outer style-local-31-c93-outer\">\n            <div data-colibri-id=\"31-c93\" class=\"d-flex h-flex-basis h-column__inner h-ui-empty-state-container h-px-lg-2 h-px-md-2 h-px-2 v-inner-lg-2 v-inner-md-2 v-inner-2 style-1128 style-local-31-c93 position-relative\">\n              <!---->\n              <!---->\n              <div class=\"w-100 h-y-container h-column__content h-column__v-align flex-basis-100\">\n                <!---->\n              <\/div>\n            <\/div>\n          <\/div>\n        <\/div>\n      <\/div>\n    <\/div>\n  <\/div>\n<\/div>","protected":false},"excerpt":{"rendered":"<p>Na\u0161e spole\u010dnost byla zalo\u017eena v r. 1996. Zab\u00fdv\u00e1me se v\u00fdstavbou a rekonstrukcemi rodinn\u00fdch a bytov\u00fdch dom\u016f, pr\u016fmyslov\u00fdch a zem\u011bd\u011blsk\u00fdch staveb, ale i rekonstrukcemi pam\u00e1tkov\u00fdch objekt\u016f.&nbsp; Prov\u00e1d\u00edme i ve\u0161ker\u00e9 zemn\u00ed pr\u00e1ce, ter\u00e9nn\u00ed \u00fapravy, oplocen\u00ed i dla\u017eby. Dlouhodob\u011b spolupracujeme s ov\u011b\u0159en\u00fdmi dodavateli stavebn\u00edch a dal\u0161\u00edch materi\u00e1l\u016f. V\u017edy se sna\u017e\u00edme odv\u00e9st kvalitn\u00ed a odborn\u011b provedenou pr\u00e1ci, a db\u00e1me [&hellip;]<\/p>\n","protected":false},"author":1,"featured_media":0,"parent":0,"menu_order":0,"comment_status":"closed","ping_status":"closed","template":"page-templates\/full-width-page.php","meta":[],"_links":{"self":[{"href":"https:\/\/www.obcanskestavby.cz\/index.php\/wp-json\/wp\/v2\/pages\/31"}],"collection":[{"href":"https:\/\/www.obcanskestavby.cz\/index.php\/wp-json\/wp\/v2\/pages"}],"about":[{"href":"https:\/\/www.obcanskestavby.cz\/index.php\/wp-json\/wp\/v2\/types\/page"}],"author":[{"embeddable":true,"href":"https:\/\/www.obcanskestavby.cz\/index.php\/wp-json\/wp\/v2\/users\/1"}],"replies":[{"embeddable":true,"href":"https:\/\/www.obcanskestavby.cz\/index.php\/wp-json\/wp\/v2\/comments?post=31"}],"version-history":[{"count":20,"href":"https:\/\/www.obcanskestavby.cz\/index.php\/wp-json\/wp\/v2\/pages\/31\/revisions"}],"predecessor-version":[{"id":2939,"href":"https:\/\/www.obcanskestavby.cz\/index.php\/wp-json\/wp\/v2\/pages\/31\/revisions\/2939"}],"wp:attachment":[{"href":"https:\/\/www.obcanskestavby.cz\/index.php\/wp-json\/wp\/v2\/media?parent=31"}],"curies":[{"name":"wp","href":"https:\/\/api.w.org\/{rel}","templated":true}]}}